1
Calculate 4 - (-3 - (2 + -18 + 4)).
-5
What is the value of 15 + -19 + 9 - 3?
2
Evaluate -19 + 29 - (0 - -3).
7
What is (27 - 26) + -7 + 2?
-4
(5 - 3) + -1 + (-4 - 1)
-4
4 - (6 + 0) - (1 - 5)
2
Calculate (-1 - 4) + (-2 - -6).
-1
What is -2 + -3 + 6 - 5?
-4
What is the value of 5 - (9 - -2) - (1 + -2)?
-5
4 - (1 + 0 + 4 + -3)
2
Calculate (3 - 10) + 10 + 2 + -6.
-1
(1 - 6) + 5 + -3
-3
Evaluate -4 + (-5 - -11) + (-6 - -5).
1
Calculate 2 + (-7 - (0 - 1)).
-4
Evaluate 16 + -11 + (-3 - 1).
1
What is 4 + -4 - (4 + -1)?
-3
What is the value of 3 + -4 + 4 + 7 - 5?
5
-1 + -2 + 4 + 1 - 4
-2
6 + (-4 - -2) + (4 - 4)
4
Evaluate (-2 - -4 - 6 - 2) + 3.
-3
What is the value of (-8 - (-2 - 2)) + 8?
4
What is the value of 4 - (1 + 0) - (-11 - -11)?
3
What is the value of -2 - (-7 - (-10 - -8))?
3
Evaluate -23 + 0 + 10 - -6.
-7
Calculate -4 + (6 - 4 - 2 - -1).
-3
What is the value of 3 - -6 - (5 - 1)?
5
What is -2 - (-2 + 2) - -5?
3
What is -2 + -2 + 8 + -8 + -2?
-6
What is the value of 6 + -4 + -2 + 0?
0
What is the value of 61 - 62 - (-1 - (-1 + 1))?
0
7 - (9 + (-4 - -8))
-6
What is -9 - (4 + -16 + 8)?
-5
What is the value of 1 + 4 + -3 + (2 - 0)?
4
What is (9 - 9) + (-2 - (2 + -2))?
-2
Evaluate 3 + 0 + (-6 - -1).
-2
Calculate -4 + -2 + (-2 - -6).
-2
What is (-7 - 0) + (-3 - (3 - 10))?
-3
What is the value of 2 - 1 - (-1 + 0)?
2
Evaluate (-8 - (-16 - 3) - 6) + -15.
-10
Evaluate 1 - ((2 - -2) + -3).
0
Evaluate 7 + (12 - 2 - 11).
6
Evaluate (4 - (3 + -1)) + 35 + -31.
6
Calculate 7 + (-8 - ((-5 - -7) + -6)).
3
Calculate -2 - (0 - 0) - (3 - 7).
2
What is (8 - (5 - 1)) + -6?
-2
Calculate 2 + -6 + (2 - 1) + -2.
-5
-1 - 1 - (-3 + 4)
-3
What is (-4 + 4 - -3) + -5?
-2
Evaluate -10 + 1 - -7 - 1.
-3
Calculate 1 + 0 + -1 - 0 - -1.
1
Calculate 1 + 0 - (9 - (14 - 11)).
-5
Calculate -3 + 1 - (16 - 18).
0
Calculate 11 - (8 + -8 + 6).
5
What is 1 + -4 + (-98 - -101)?
0
1 + 3 - -1 - 4
1
What is (-7 + -4 - -24) + -3?
10
What is the value of -8 - -6 - (8 + -4)?
-6
Evaluate 5 + (8 - 10) - 4.
-1
5 + -5 + (2 - 5)
-3
Calculate -1 - (0 + 0) - (253 + -250).
-4
What is the value of -4 - (-1 + -1 + -4)?
2
Evaluate (5 - (6 - 4)) + -3.
0
What is the value of 0 - -9 - 9 - (1 - 2)?
1
What is the value of -9 + 6 + 1 + 5?
3
77 - 82 - ((0 - 2) + 1)
-4
2 - (4 + -2 + -4 + 0)
4
What is 42 - 39 - (8 - 0)?
-5
Evaluate (1 - (-12 + 4)) + -5.
4
(3 - 1) + (5 - 3)
4
Evaluate 12 + -2 + 4 + -14.
0
Evaluate 4 + -4 + 6 - 11 - -2.
-3
What is 1 - (12 + -12 + 0 + 4)?
-3
What is -7 + 4 + 0 - (-2 + 4)?
-5
-5 + (0 - (4 - 9))
0
(0 + -1 - (24 - 20)) + 1
-4
What is the value of 1 + 0 - 5 - 0?
-4
(-7 - -3) + 14 - 5
5
Evaluate 2 + -2 - (-20 + 21).
-1
What is the value of -5 + 12 - 3 - (2 - 2)?
4
Calculate -2 + 2 + 4 + 4 + -4.
4
-2 + 1 + 5 + 1 + 0
5
Evaluate 0 + (-3 - -12 - 10).
-1
Calculate -9 - (0 - 13) - 9.
-5
What is the value of 4 + -1 + (-10 - -3) + 1?
-3
Calculate -7 - 0 - -1 - -7.
1
Calculate 1 + (12 - 4 - 7).
2
1 + 1 + 2 + 1
5
What is 2 - (-3 - -4) - 6?
-5
What is the value of -1 - (6 + (-8 - -4))?
-3
What is the value of -1 + 5 - -5 - 6?
3
What is -4 - (1 - (-1 + 2))?
-4
Evaluate -1 - (2 + -7 + (-6 - -5)).
5
Calculate 4 + -62 + 58 + (2 - -1).
3
What is the value of -7 - ((1 - (-2 - -5)) + -1)?
-4
-2 + 0 - (-2 - (3 + -7))
-4
What is the value of -4 - -6 - (8 + (-2 - 0))?
-4
Evaluate 0 + (-6 - (-4 + 1) - -3).
0
What is -2 - (-10 - -4) - 2?
2
Calculate 4 + -5 + -1 + 5.
3
What is (-1 - 1 - -3) + -2?
-1
What is the value of 6 + (1 - 24 - (-41 - -33))?
-9
19 + -23 - (0 - 1) - 0
-3
What is 4 - (-21 + 15 - (-1 + -3))?
6
-32 - -29 - (-1 + -7)
5
What is -9 + 7 - (-5 - (1 + -3))?
1
Calculate 2 + 0 + (0 - 6 - 1).
-5
(-7 - 3) + 0 + 9
-1
-1 + 0 - (1 - (7 + -6))
-1
-3 + -2 + 5 - (0 + 1)
-1
Evaluate (-5 - (-6 - -5)) + (6 - 4).
-2
What is the value of 4 + (-3 - 6) + 1?
-4
What is the value of 3 + -5 - 0 - (-4 + 0)?
2
-1 - 4 - (-6 - 1)
2
Calculate (2 - (-12 - -21)) + 10.
3
(-1 + 3 - 2) + -10 + 0
-10
(0 + -2 - (0 - -3)) + 0
-5
What is the value of 17 + -4 + 5 + -11?
7
What is 3 - -2 - (7 + (1 - 0))?
-3
-7 + (-3 + 10 - -9)
9
((4 - 7) + -2 - -6) + 6
7
What is the value of (-3 - (-3 - 1)) + -2 + 0?
-1
Calculate (2 - -1) + -1 + -5 + 1.
-2
What is the value of (-1 - (-3 - -1)) + 0 - 3?
-2
Evaluate -2 - 0 - (-2 - (3 + -3)).
0
Calculate -6 + (-1 - (5 - 7)).
-5
Evaluate (-4 - (12 + -2 - 5)) + 6.
-3
Evaluate (-5 - (1 + -5)) + -3.
-4
3 - (5 - 3) - (-1 - 0)
2
6 - (3 - (-2 - 2) - 0)
-1
Calculate -1 + 0 + (1 - (-1 + 0)).
1
What is (2 - 2) + 3 + 1 + -8?
-4
Calculate -3 - (2 - (-1 + 8)).
2
-6 - (6 - (2 - -1) - 0)
-9
-6 + (-1 + 5 - 6) + 3
-5
What is the value of (1 - (-3 + 4)) + 4?
4
What is the value of (-2 - (1 + 2)) + 2?
-3
Calculate 3 - (-8 + 7) - (1 + 2).
1
What is 2 + -1 + -48 + 55?
8
What is -3 - 0 - (-17 - -16)?
-2
Evaluate -8 - (-4 + (6 - 2) + -3).
-5
What is the value of -3 - (2 + -3 + -3)?
1
Calculate 0 + (-4 - (-3 - -2)).
-3
Calculate -4 + 7 - (0 + 4 + 0).
-1
Calculate 4 + -4 + (3 - 2).
1
2 - 2 - (7 - (19 - 6))
6
What is the value of -4 - (1 + 5 + -3 - 8)?
1
What is the value of 0 + (4 + -3 + -2 - 4)?
-5
0 + -3 + (9 - (-1 + 15))
-8
What is 4 - (13 + -7 + -2)?
0
What is -1 + -14 + 25 + -14?
-4
What is (10 + -6 - 2) + -3 + -1?
-2
Calculate -1 + -1 + -4 + 3.
-3
Calculate 15 - (10 + (-5 - -4)).
6
-77 + 71 + (15 - -1)
10
-2 + 2 - (3 + -4) - 2
-1
What is the value of 9 + (10 - 16 - -3)?
6
Evaluate (-2 - -5) + (-23 - -22).
2
Evaluate 3 - (3 + -2) - 4.
-2
Evaluate -3 + 7 + -9 + 2.
-3
Evaluate -2 - -2 - (2 - -1) - 0.
-3
-3 + -3 + 0 - -15
9
Calculate 8 + (-6 - 0) + 0.
2
Evaluate (-1 - (1 - 0) - 1) + 0.
-3
What is the value of -9 - 2 - (-26 + 14)?
1
What is the value of (-5 - 0) + (4 - (1 - 1))?
-1
-1 + 0 + -3 + -1
-5
1 - (6 - 3) - (4 + -3)
-3
What is the value of 15 + -15 + (-2 - -8)?
6
What is the value of 16 + -20 - (-10 - -3)?
3
-10 + 9 + -2 - -6
3
What is the value of 6 + -3 + 2 - 9 - -6?
2
Evaluate -3 + 7 + (15 - 4) + -7.
8
What is 1 - (0 + 6 + -4)?
-1
What is the value of -2 + -4 + 4 + 1?
-1
Evaluate (3 - 6) + 8 + -4.
1
-4 - 8 - (-7 - -1)
-6
Calculate 10 + -1 - (-2 - -7).
4
Calculate -4 - (6 + -10 - -2).
-2
-8 + 0 + 9 + -6
-5
Calculate 24 - 9 - 13 - -5.
7
What is the value of -5 + 2 + 2 + -3 + -1?
-5
What is -3 + (2 - 5 - -1) - 0?
-5
-8 + 17 + -4 - 0
5
Evaluate -1 + 6 + (-13 - (1 - 7)).
-2
What is the value of -11 + 7 - (-1 - -1) - -6?
2
(0 + 6 - (10 - 5)) + 2
3
Calculate -9 + 16 - (4 - -2).
1
Calculate 14 + (-4 - (-11 - -17)).
4
16 + -34 - -8 - (-4 + 0)
-6
Evaluate -2 - -16 - (36 - 29).
7
Calculate -8 - (2 + (-7 - 1) - 11).
9
Calculate -9 + 4 - (-3 + 1) - -2.
-1
What is 2 - 6 - (-2 + 0 + -1)?
-1
Calculate 4 + -6 + 3 - (8 + -2).
-5
What is 0 - (2 - 0) - (16 + -23)?
5
Evaluate 0 + -5 + -4 + 0.
-9
Calculate -6 - (-8 - -2 - -4).
-4
What is the value of -4 + -1 + (-2 - (-11 - 2))?
6
What is the value of (-3 + 2 - 0) + (-2 - 0)?
-3
Calculate (-8 - -20) + (-7 - 10).
-5
(-2 - -3) + (3 - 1)
3
Calculate -1 + (3 - 0) + (8 - 12).
-2
What is -2 + (-2 - 0 - -3)?
-1
Calculate 51 - 49 - (1 - -4).
-3
What is (1 - 8) + -5 - (3 - 7)?
-8
-3 + (-2 - -6) + -4
-3
Calculate -30 + 24 - (0 - -2).
-8
Evaluate 3 - (-8 + (-8 - -15)).
4
Evaluate -3 + 1 + -1 + 2.
-1
What is -4 + 1 - (6 + 11 + -19)?
-1
What is 0 + -8 - (5 + -9)?
-4
Calculate 0 - (5 + (8 - 0) + -22).
9
Calculate 1 - (5 - 2) - -5.
3
Calculate 5 - (3 + (0 - 0 - -1)).
1
Evaluate 6 + (13 + -5 + -2 - 6).
6
Calculate -6 - 1 - (-8 + 3).
-2
What is the value of 6 - (7 + 7 - 10)?
2
What is 9 + -3 + 8 + -9?
5
Calculate 1 + 0 + 1 + -4.
-2
Evaluate 3 + 1 + -4 + -2.
-2
4 - (4 - 2 - -7) - 1
-6
(18 - 24) + 5 + 2
1
(4 - (1 - -1)) + -2 + -1
-1
Evaluate -11 - -3 - (4 - 10).
-2
Calculate -2 + 7 + -7 + 1.
-1
Evaluate -10 + (7 - 4) + 4.
-3
25 + 12 + -25 - 10
2
-3 - (-4 + 9) - -10
2
Evaluate -9 + (0 - (4 + -9)) + -1.
-5
What is 6 + -1 + -4 + -6?
-5
What is 10 - ((6 - 12) + 9)?
7
Evaluate 5 - (6 + 1 + -4).
2
-9 - (6 + -8) - -8
1
What is the value of 0 + 0 + (3 - 1) + 2?
4
What is 0 - (2 - (-2 - -1))?
-3
What is the value of (-3 - -10 - 14) + 6?
-1
(-3 + -2 - -9) + -4 + 3
3
What is the value of (10 - 16) + (4 - 2)?
-4
-2 + (-8 - 3) - -8
-5
What is the value of -3 + (-2 - -2 - (-3 - 0))?
0
What is the value of (-25 - -36) + -1 + -5 + -1?
4
What is 0 - -4 - (8 + -3)?
-1
Calculate -6 + 1 + (0 - -1) - -6.
2
What is -4 - (2